ate the remainder when 31 is divided by f.
9
Let v = -20 - -31. Suppose 4*i - v = 1. Calculate the remainder when 11 is divided by i.
2
Suppose -1458 - 1207 = r - 4*q, q + 13325 = -5*r. Calculate the remainder when r/(-25) + 2/5 is divided by 22.
19
Let j(l) = l**2 + 8*l + 9. Let d be j(-7). Suppose v + 6 = 4*v. Suppose 0 = 3*h - d - 1, v*x = 2*h + 34. Calculate the remainder when 33 is divided by x.
15
Let g(c) = -3 - 4*c + 0 - 1 - 3. Suppose -4*v = -12*v + 56. Calculate the remainder when g(-5) is divided by v.
6
Suppose 2*s + 2*b + 11 = 3*s, -4*s = 3*b. Suppose -s*p - 2*v + 3 = 69, -2*p - 2*v = 46. What is the remainder when 32 is divided by -3*p/(-15) + 21?
15
Let x(m) = -m**3 + 4*m**2 + 3*m - 5. Let h be x(5). Let r = 65 - 46. Let a = r + h. What is the remainder when 11 is divided by a?
3
Suppose -n - 5 = 4*u, -2*n + 2 = 4*u + 4. Let k be (u + -2)/(-4)*40. Let o = k - 17. Calculate the remainder when 66 is divided by o.
20
Let q be (-7 - -5)/(1 + -3). What is the remainder when (28/(-6) - q)*-6 is divided by 3*(8 + -3) - 3?
10
Suppose 3*b = 5*f - 3, -11 = 7*b - 9*b - f. What is the remainder when 33 is divided by b?
1
Let z = -1 - -4. Suppose -8*v + 65 = -z*v. Let f = 59 + -9. Calculate the remainder when f is divided by v.
11
Calculate the remainder when 12/(-20) + (338/5 - -1) is divided by 5.
3
Let u be ((-230)/(-15))/(2*(-2)/12). Let q = u + 59. Let j(d) = -7*d + 4. Calculate the remainder when j(-3) is divided by q.
12
Let p(m) = m**3 + 6*m**2 - 7*m + 3. Suppose 2*h - 3*v = 3*h - 33, 5*h - 3*v - 111 = 0. What is the remainder when p(-7) is divided by (-48)/(-14) - (h/14)/4?
0
What is the remainder when 0 + (211 - (-27)/3) is divided by 17?
16
Suppose 3*a = 3*y + 7 - 28, 24 = 3*y - 4*a. Suppose i - 4 = -0*i + 3*p, -y*i + p + 49 = 0. Calculate the remainder when i + (-5)/(5/2) is divided by 6.
5
Suppose 3561 = 3*w + 106*j - 111*j, -3*j = 5*w - 5935. Calculate the remainder when w is divided by 41.
39
Suppose 2*b - 15 = -b. Let l be (-25)/5*48/(-15). Let c = l - 8. What is the remainder when c is divided by b?
3
Let v = -196 + 230. Calculate the remainder when v is divided by 5.
4
What is the remainder when 12 is divided by ((-9)/3)/((-1 + 0)/1)?
0
Let o be (10/(-6))/(3/(-9)). Let q(h) = -h**3 + 7*h**2 - 5*h - 7. Let p(d) = -15*d - 26. What is the remainder when p(-4) is divided by q(o)?
16
Suppose 0 = 4*l - 2*o + 330, -6*l + 4*l - 162 = -4*o. Let y = 130 + l. Calculate the remainder when y is divided by -12*((-8)/(-2) - 5).
11
Let f(j) = 9*j**2 + 2*j + 1. Suppose -h = -4*w - 0*w - 10, -17 = h + 5*w. What is the remainder when f(h) is divided by (-18 - -9)/(0/2 - 1)?
6
Calculate the remainder when 246 is divided by 40/16 + 10 - 3/(-2).
8
Suppose -3*f - 16 = -4*f. Let i = 483 + -479. Calculate the remainder when f is divided by i.
0
Let l = -240 - -264. Calculate the remainder when 309 is divided by l.
21
Suppose -5*h + 75 = 5*g, 42 = 2*g - 0*g - 4*h. Let k = 11 + -13. Let z = 31 - k. What is the remainder when z is divided by g?
16
What is the remainder when 56 is divided by 19 - (6 - 6)/6?
18
Suppose 100 = 4*y - 4. Let w = 51 - 42. What is the remainder when y is divided by w?
8
Let f(q) = 3*q**2 + 33*q - 369. Suppose -387 = -4*y + 5*h - 91, 0 = -4*y + 3*h + 288. Calculate the remainder when y is divided by f(-18).
6
Let o be 1*2/(-2)*0. Suppose b + 6 - 8 = o. Suppose 4*s - w = 161, -5*w - b = s - 16. Calculate the remainder when s is divided by 10.
9
Let f(m) = m**2 - 16*m - 8. Let o be f(14). Calculate the remainder when 82 is divided by (-3 - 2)*o/15.
10
Suppose -8 = 5*d - 7*d. Suppose 14 = 3*k - 2*k + l, -2*l = 6. Calculate the remainder when k is divided by d.
1
Let a(m) = -m**2 + 11*m + 20. Let n be a(12). Let w = 35 - n. Calculate the remainder when 53 is divided by w.
26
Suppose -30*g + 2286 = 4*q - 31*g, -2*q + 5*g = -1152. Calculate the remainder when q is divided by 41.
38
Suppose 10 - 2 = 4*a. Suppose -2*m = a*m - 8. Suppose m*u + 2 = 10. What is the remainder when 10 is divided by u?
2
Suppose -3*y + v + v + 27 = 0, 4*v = 0. Calculate the remainder when (-8)/(-12) + (-3910)/(-255) is divided by y.
7
Suppose m - 1 = 1, -5*w = -2*m - 456. Let t = 281 - w. What is the remainder when t is divided by 48?
45
Let o(c) = c + 1. Let b be o(5). Suppose 15 = b*k - k. Let s = -4 - -5. Calculate the remainder when k is divided by s.
0
What is the remainder when 156 is divided by (5 + (-33)/9)*(-6 + 30)?
28
Let t(y) = 6*y**2 + 6*y - 9. Let m be t(6). Let q = 19 + -17. Suppose -k + m = q*k. Calculate the remainder when k is divided by 41.
40
Let h = 861 - 812. Calculate the remainder when 192 is divided by h.
45
Calculate the remainder when (-45)/(-30) - (3 - 4468/8) is divided by 33.
29
Let b(l) = l**2 + 3*l - 1. Let s be b(4). Let a = s - 20. Let g(p) = 4*p - 6. Calculate the remainder when g(6) is divided by a.
4
Suppose -2*m = 3*s - 52 - 38, -4*m + 160 = s. What is the remainder when m is divided by 21?
18
Let j(d) = -2*d**3 + 22*d**2 - 16*d - 12. What is the remainder when 195 is divided by j(10)?
27
Let u(d) = -5*d - 8. Let k be u(-2). Suppose -b - 3*a = -6*a - 11, 3*a = k*b - 25. What is the remainder when 40 is divided by b?
12
Suppose -4*d + 2*y + 112 = 0, 34*d + 3*y + 28 = 35*d. What is the remainder when 74 is divided by d?
18
Let g = 294 - 114. Suppose -5*s + 26 = 5*i + 16, 5*i - 40 = s. What is the remainder when (2/(-5))/((-4)/g) is divided by i?
4
Suppose 24 = 3*t + 4*v - 74, 3*t - 86 = 2*v. Suppose t = 2*b - 0*b. Calculate the remainder when 29 is divided by b.
14
Let k(r) = -r**2 - 51*r - 13. Let h be k(-19). Let m = h - 326. Calculate the remainder when m is divided by 54.
53
Let d = -154 + 162. Calculate the remainder when 15 is divided by d.
7
Let q = -176 + 193. Suppose -7*r + 268 = -3*r. What is the remainder when r is divided by q?
16
Let z = -1192 - -1497. What is the remainder when z is divided by 86?
47
What is the remainder when ((-150)/8)/(384/(-2560)) is divided by 14?
13
Suppose -48 = -s - d + 4*d, -290 = -5*s + 5*d. What is the remainder when s is divided by 10?
3
Let y = 15 + -14. What is the remainder when (12/(-10))/(-1)*55 is divided by -1*(y - 1 - 17)?
15
Suppose 0 = -313*u + 308*u + 85. What is the remainder when 44 is divided by u?
10
Let k = 185 + -111. Suppose 131 = 2*l - 65. Suppose 4*p - l = 5*n - 22, 19 = p + 4*n. Calculate the remainder when k is divided by p.
17
Suppose -3 = 2*h - 9. Suppose -4*c + c - h*q + 39 = 0, c - 31 = 5*q. What is the remainder when 77 is divided by c?
13
Let i(u) = u**3 + 10*u**2 - 3*u - 29. What is the remainder when i(-9) is divided by 22?
13
Suppose -4*c + 8*c = 104. Suppose 9*i - c = 7*i. What is the remainder when 36 is divided by i?
10
Suppose 0 = 239*z - 253*z + 756. Suppose p - 1 = 2. Suppose -32 = -q - q + m, m - 38 = -p*q. Calculate the remainder when z is divided by q.
12
Suppose -6*q + 69 + 63 = 0. Let v = -7 + q. Calculate the remainder when 42 is divided by v.
12
Let r be (130/(-18))/1 - (-4)/18. Let b(c) = -c**3 - 6*c**2 + 6*c + 4. What is the remainder when b(r) is divided by 3?
2
Let z = -12 - -27. Let f(u) = -u**3 - 8*u**2 - 14*u - 39. What is the remainder when z is divided by f(-7)?
5
Suppose 601 = 50*h + 51. What is the remainder when 427 is divided by h?
9
Suppose 4*o - 1120 = -4*p, -54*o + 57*o = 2*p - 570. What is the remainder when p is divided by 49?
37
What is the remainder when 98 is divided by (-132)/(-4) - (0 + 6)?
17
Suppose 588*v = 558*v + 26490. What is the remainder when v is divided by 15?
13
Let x(j) = j**2 + 29*j - 88. Calculate the remainder when 428 is divided by x(-32).
4
Let a(t) = -6*t + 4. Let n be a(4). Let h = 102 + n. Calculate the remainder when h is divided by (-3 + 32/6)*9.
19
Let c(b) = 3*b**3 - 9*b**2 + b + 1. Let m be c(6). Calculate the remainder when 8/(-48) + m/6 is divided by 19.
17
Suppose -131 = -v + 11. Calculate the remainder when v is divided by -4 + (-13)/(78/(-240)).
34
Suppose 3*a - 2*a = 19. Calculate the remainder when 16 - -41 - 7*4/14 is divided by a.
17
Let w = 1157 + -1147. What is the remainder when 826 is divided by w?
6
Let w = 309 + -213. Calculate the remainder when 189 is divided by w.
93
Let x(b) = 2*b**2 - 5. Suppose 0 = 2*i + 3*i - 10. Let u be (-129)/(-18) + i/(-12). Calculate the rem